, 3
Suppose -7*w + 1 = -825. What are the prime factors of w?
2, 59
Let u(m) be the first derivative of m - 1 + 1/2*m**2. What are the prime factors of u(2)?
3
Let s = 67 + -25. What are the prime factors of s?
2, 3, 7
Let w(n) = n**3 - 16*n**2 - 8*n - 7. What are the prime factors of w(17)?
2, 73
Let d(p) = 2*p + 9. Let a be d(-9). What are the prime factors of a/6*-2*1?
3
Let l(u) be the third derivative of u**4/24 - u**3 + 2*u**2. Let v be l(11). Suppose 14 = -v*r + 79. What are the prime factors of r?
13
Suppose -2*o + h + 18 + 3 = 0, -5*h + 16 = o. Let j(l) = l**2 - 9*l - 6. What are the prime factors of j(o)?
2
Let m = 10 + -8. What are the prime factors of (-15)/m*(-2)/3?
5
Let y(r) = 30*r + 3. What are the prime factors of y(7)?
3, 71
Let a(f) = f**3 - 6*f**2 - 5*f - 4. Suppose -y + 17 = -2*k - 0*k, -4*y = -k - 33. Let w be a(y). Let d = -6 + w. What are the prime factors of d?
2
Let h = -14 + 23. Let u(r) = -r**3 + 8*r**2 + 11*r - 11. What are the prime factors of u(h)?
7
List the prime factors of ((-1)/(-2))/(3/(-1350)*-3).
3, 5
Let k = 12 + -10. Suppose 0 = -k*a + 5*a - 6. What are the prime factors of 20 + (1 - a)*1?
19
What are the prime factors of 140/7*(-48)/(-15)?
2
Let r = 274 - 131. List the prime factors of r.
11, 13
Suppose -5*j + 23 = 13. Suppose -3*z + j*z = -5*b - 54, -2*z - 5*b + 93 = 0. What are the prime factors of z?
7
Let g(y) = -y**2 - 9*y + 3. Suppose 2*x + 10 = -0. What are the prime factors of g(x)?
23
Let s(j) = -2*j**3 - 8*j**2 - 5*j - 3. Let d be s(-5). Suppose 2*v + 2*i = 7*i + 23, 5*v + 2*i - d = 0. Suppose 1 - v = -n. What are the prime factors of n?
13
Suppose -2*d + 30 = -o - 3*o, -5*d + 68 = -3*o. Let m = 32 - d. What are the prime factors of m?
19
Let j be (-12)/10*(-5)/2. Suppose -j*h = h - 24. List the prime factors of h.
2, 3
Let r(v) = 14*v - 7. List the prime factors of r(8).
3, 5, 7
Suppose -3*r = 2*q + r - 246, -2*q = -5*r - 210. Suppose -3*v = 2*v - q. List the prime factors of v.
23
Let b(a) be the first derivative of -a**4/4 + 5*a**3 + 17*a**2/2 - 4*a - 2. List the prime factors of b(16).
2, 3
Let r(l) = -4*l**2 + 34*l + 5. List the prime factors of r(5).
3, 5
Let g(q) = -q**3 + q - 1. Let d be g(2). Let t = d + 0. What are the prime factors of (t*(-1)/(-1))/(-1)?
7
Suppose 0 = -k + 15 + 18. List the prime factors of k.
3, 11
Suppose 3*d + d = 256. List the prime factors of d.
2
Let g(l) = 2*l + 18. What are the prime factors of g(0)?
2, 3
Let h(b) = -b + 4. Let k be h(5). List the prime factors of 3 + (-1)/(k/7).
2, 5
Let n be 1/(-4) + (-18)/(-8). Suppose -22 = -n*w - 4*p, -w - 2*w + p = -19. What are the prime factors of w?
7
Suppose 4*s = -0*s - 16. Let y = s + 24. What are the prime factors of y?
2, 5
Let a(x) be the third derivative of x**6/120 + x**5/12 + x**4/12 - x**3/2 - x**2. Let c be a(-4). List the prime factors of (c + (2 - 2))*2.
2, 5
Let i(o) = -20*o - 12. What are the prime factors of i(-4)?
2, 17
Let x = 16 - -4. Suppose 0 = -5*f + 110 + x. What are the prime factors of f?
2, 13
Suppose -5*j = -3*j + 2*n - 136, -2*n - 214 = -3*j. What are the prime factors of j?
2, 5, 7
Suppose 25 = -4*n - n. Let t = 1 - n. What are the prime factors of t?
2, 3
List the prime factors of (-8)/56 + 422/14.
2, 3, 5
List the prime factors of 20 + (3 - (-4)/4).
2, 3
Let y = -4 + 6. List the prime factors of 2*6*y/4.
2, 3
Let q be (-3)/(-18) - (-3 + 273/18). Suppose -83 = 3*n - 5*y, 4*n = 2*y - 123 + 31. Let s = q - n. List the prime factors of s.
3
Suppose 5*p - 8 = 4*p. Suppose p*g = 11*g - 60. List the prime factors of g.
2, 5
Let i(w) = -3*w + 3. Let q be i(3). Let f be q/(-5)*(-120)/18. Let p = f - -15. List the prime factors of p.
7
Let j = 11 - -3. List the prime factors of j.
2, 7
Let j(x) = x**3 + x**2 + 2. Let i be j(-2). Suppose 5*z = 4*k - 52, 4*z = -0*k - 3*k + 8. Let b = k - i. List the prime factors of b.
2, 5
Let h = -393 - -640. What are the prime factors of h?
13, 19
Suppose 0 = 9*d - 7*d. What are the prime factors of 18 - (-1 - (d - -2))?
3, 7
Suppose d + j + 1 - 27 = 0, -5*d = -4*j - 157. What are the prime factors of d?
29
Suppose 4 = -q - q. List the prime factors of (-1)/(30/16 + q).
2
Suppose 4*n = -2*t - 3*t - 50, 2*n = -3*t - 28. Let p = t + 53. Suppose p + 13 = 5*d. List the prime factors of d.
2, 3
Let h = 47 - 8. List the prime factors of h.
3, 13
Suppose 0*b = -2*b + 238. List the prime factors of b.
7, 17
Let t be (-1 - 3)*(-9)/12. Suppose -2*m = -3*q + 80, -4*m - 74 = -t*q + m. What are the prime factors of q?
2, 7
Suppose 2*b = 4*g - 840, 4*g + 0*g = -2*b + 848. What are the prime factors of g?
211
Let s be (-2 - 0) + 2 + -2. Let o be 0*(s + 3 + -2). Let x(j) = -j + 4. List the prime factors of x(o).
2
What are the prime factors of (75/(-9))/((-4)/24)?
2, 5
List the prime factors of 170*1 - (9/(-1) - -7).
2, 43
Suppose 3*c + 0*w - 4*w - 17 = 0, -10 = 5*w. Let z(u) = 2*u**3 - 3*u**2 - 5*u + 2. List the prime factors of z(c).
2, 7
Let t be (0 + 8)/(6/3). Let b be 1/t + 42/(-8). Let a(z) = z**2 + 2*z - 5. What are the prime factors of a(b)?
2, 5
Let o be (-1)/(4/5 + -1). Let r(m) = m**2 + m - 1. Let w(s) = -5*s**2 + s - 2. Let n(l) = -4*r(l) - w(l). List the prime factors of n(o).
2, 3
Suppose 0 = 5*v - 2*p - 97, -4*v = -9*v - 5*p + 90. Suppose 2*k - v = 47. List the prime factors of k.
3, 11
Suppose 2*q = -4*c + 166, -4*q + 332 = -0*c + 2*c. List the prime factors of q.
83
Let r(k) = k**3 - 15*k**2 + 20*k + 19. List the prime factors of r(14).
103
Suppose 0*w = 4*a - 3*w - 8, -2*w = -a + 2. Suppose -a*c + 4 = -2. Suppose 3 = -c*z, -i + 2*z + 1 = -6. What are the prime factors of i?
5
Let b = 259 + -168. List the prime factors of b.
7, 13
Suppose 0 = -2*o - t + 21, -5*o - 4*t + 19 + 41 = 0. List the prime factors of o.
2
Let n = 12 - 18. Let m = 10 + n. What are the prime factors of (-1)/((8/(-10))/m)?
5
Suppose 12*x = 9*x + 18. List the prime factors of x.
2, 3
Let g be (-1 - 0)*(-4 + 1). Suppose -g*r = x - 7, -2*x = r + 2*x + 16. Suppose l = -r - 1, 2*a = l + 33. What are the prime factors of a?
2, 7
Suppose 123 = 4*k - 37. What are the prime factors of k?
2, 5
Let f(a) = a**3 - 6*a**2 - 4*a + 3. Suppose 5*n - 14 - 21 = 0. What are the prime factors of f(n)?
2, 3
Suppose 2*l - 30 = -b + 3*b, 4*b - l = -60. Let u be (-6)/b + 16/10. Suppose 0 = 5*j - j - 2*k - 14, -u*k + 1 = -j. What are the prime factors of j?
5
Suppose -2*t + 24 = 3*h + t, 2*h - 46 = 4*t. Let d = 19 - h. What are the prime factors of d?
2, 3
List the prime factors of (-12)/(-28) + (-1024)/(-28).
37
Suppose 26 = -3*h - 91. Let f = h + 57. What are the prime factors of f?
2, 3
Let s = -1 - -4. Suppose -46 = -4*t + s*r, -t - 5*r + 24 = 1. Let i = t - 2. What are the prime factors of i?
11
List the prime factors of 109 + ((-1 - 1) + -2)*-1.
113
Let y = -114 + 193. What are the prime factors of y?
79
Let s(m) = -m**3 - 8*m**2 + m - 11. List the prime factors of s(-9).
61
Let k(g) = 2*g + 20. What are the prime factors of k(-9)?
2
Let h(l) = -l**3 + 3*l**2 + l - 3. Suppose -30 = -4*n - n + 5*i, 3*n - 4*i - 21 = 0. Let q be h(n). Let f = 13 - q. List the prime factors of f.
13
Let b(y) = -y**3 + y. Let t(m) = -6*m**2 - 2*m + 6. Let w(d) = -b(d) + t(d). Let o be w(7). Let u = -22 + o. What are the prime factors of u?
2, 3
Let f(h) = -2 + h + 7 - 3 + 6. Let v be f(-6). Suppose 6*r - 48 = v*r. What are the prime factors of r?
2, 3
Let d = 5 - 2. Suppose d*g - 20 = -g. What are the prime factors of g?
5
Let i be 2 + (-6)/3 - 2. Let m be i/(-5) + 26/10. Suppose n + 0*n = m. List the prime factors of n.
3
Let u be 0 + 2 + 0 + -2. Suppose 0 = 2*z + 4*p + 4, 0*z - 2*z - 2*p = u. Suppose 13 = 2*a - 5*g, 0*g + z*g + 6 = a. List the prime factors of a.
2
Suppose -1 + 85 = 3*c. List the prime factors of c.
2, 7
Let z be 84/10 - (-2)/(-5). Let b = z + -4. Let j(k) = -k**2 + 6*k - 1. List the prime factors of j(b).
7
List the prime factors of -9*(-4)/12 - -24.
3
Let x = -2 + 1. List the prime factors of (1 - x) + 6/6.
3
Let z(v) = 3*v + 1. Suppose -3*k = -2*k - 5. Let n(a) = -3*a - 2. Let u(h) = k*z(h) + 4*n(h). List the prime factors of u(6).
3, 5
What are the prime factors of ((-2)/2)/(2 + (-2664)/1328)?
2, 83
Let o(h) = 1. Let n(m) = -10*m - 6. Let a(k) = -n(k) - 6*o(k). Let j be a(2). Suppose 3*d = 7*d - j. Wha